ose 3*m + 0*m - 54 = -2*f, 9 = 3*f. Let n = 293 - 682. Let y = -385 - n. What is the greatest common factor of y and m?
4
Suppose 0 = 410*l + 2367 - 4585 - 12542. What is the highest common divisor of 29556 and l?
36
Suppose 31*p - 65*p - 990 = -40*p. What is the greatest common divisor of p and 885?
15
Let f(z) = z**3 + 11*z**2 + 15*z - 8. Suppose -4 - 1 = -l. Let t be l/(-5) + -10 + 2. Let r be f(t). Calculate the highest common divisor of 1 and r.
1
Suppose 3*f + 2*b - 17878 = 12245, 2*f - 20084 = -b. Calculate the highest common divisor of 861 and f.
287
Let d be (-55)/(-20) - (-2)/8. Suppose -154 = -d*y - 19*y. Calculate the highest common factor of y and 1.
1
Let q = 618 - 299. Let i = q + -166. Let w(l) = -l + 6. Let x be w(-11). What is the greatest common divisor of i and x?
17
Let h be (180/(-25))/(0 + 4/70). Let u = -38 - h. Suppose k - 2*s + u = 3*k, 4*k + s = 188. Calculate the greatest common divisor of 12 and k.
12
Let u(s) = 6*s**2 - 7*s - 7. Let c be u(3). Suppose 472 = -c*h + 34*h. What is the highest common factor of 295 and h?
59
Suppose -2*x - k = -51945, 3*x + 45*k = 48*k + 77958. Calculate the greatest common factor of x and 42.
21
Let n = 689 + -536. Let c be (-2)/(-3)*(-9 + n). Calculate the greatest common factor of c and 128.
32
Let m(g) = g**2 + 34*g - 189. Let x be m(-39). Calculate the highest common divisor of x and 222.
6
Let u = 3115 - 2844. Calculate the highest common divisor of 2 and u.
1
Let d be ((-2)/(-4))/((-27)/(-1188)). Suppose -30*r = -d*r - 616. What is the greatest common divisor of 693 and r?
77
Suppose 4*s - 2*s = 14. Suppose -s*j - 3 + 80 = 0. What is the highest common divisor of j and 55?
11
Suppose 25 = 33*c - 8*c. Let i be ((-1)/2)/(-2*c/264). Calculate the greatest common divisor of i and 154.
22
Suppose b + 4*b = -4*q + 1514, -3*q = 5*b - 1518. Let f = 21717 + -21632. Calculate the highest common factor of f and b.
17
Let g(k) = 142*k**3 + 2*k**2. Let c be g(1). What is the greatest common factor of 6768 and c?
144
Suppose 2*t = 40*z - 36*z + 3592, 1791 = t - 3*z. Calculate the greatest common divisor of t and 42.
42
Suppose 17*u + 152 = 2*g + 16*u, -5*g + 2*u = -382. Let r = 104 - g. Let o = r + -20. Calculate the highest common factor of o and 66.
6
Let f be 1664/169 - (28/(-13) + 2). Let m be ((-1683)/15 - 0)*(5 - f). What is the greatest common factor of 51 and m?
51
Let h be 4 - (-1 - -1 - 2)*(4 + 7). Calculate the highest common factor of h and 1027.
13
Let c(o) = o**3 - 3*o**2 - 26*o + 8. Let l = 325 - 317. Let i be c(l). What is the greatest common factor of i and 264?
24
Let l(f) = -2074*f - 900. Let g be l(-2). Calculate the greatest common factor of 32 and g.
16
Suppose 2*r - 32 = -2*n, 53 = 5*r + n - 5*n. What is the highest common divisor of r and 3?
1
Let k = -177 + 321. Let r be 12/(1*(-21)/(-280)). Let p be (r/35)/((-2)/(-7)). Calculate the greatest common factor of k and p.
16
Let c = 344 - 188. Suppose 357*g - 351*g = 3*k + 684, -2*g = 3*k - 252. Calculate the highest common factor of c and g.
39
Let j = -129 - -165. Suppose -5*u + 3*c = -326, -c + 4*c = -2*u + 143. Suppose -7*h - u + 235 = 0. Calculate the greatest common divisor of j and h.
12
Let t be 438/(63/27 - 3). Let s = 659 + t. What is the greatest common divisor of s and 9?
1
Let r = -6568 - -6607. What is the highest common factor of r and 10569?
39
Suppose 0 = -2*j - 0*j + 160. Suppose -47 = -6*q + 73. Calculate the highest common divisor of q and j.
20
Suppose -1181 = -u + y + 127, -5*u + y = -6560. Suppose -6*c = 3*m - 9*c - 807, u = 5*m + 3*c. Let j = m + -109. What is the greatest common factor of j and 12?
12
Suppose -89 - 285 = -5*p - 2*b, -b = -p + 79. Suppose -u - 952 = -5*o, 4*o + 4*u - 435 = 317. What is the greatest common factor of o and p?
38
Let g(z) = z**2 + 8*z + 17. Let d be g(-6). Suppose -2*y + x + 2*x = 194, 4*y = -d*x - 344. Let a = -39 - y. Calculate the greatest common factor of a and 130.
26
Let r = 114 + -70. Let k be -22 + 25 + 6*1. Let a = -5 + k. Calculate the highest common divisor of r and a.
4
Let s be 6/(9*(21/(-63))/((-10)/4)). What is the greatest common divisor of 9220 and s?
5
Let u be (0/4)/4 + 11. Calculate the greatest common factor of 121 and u.
11
Let s(i) = -i - 19. Let n be s(-5). Let g(r) = -r**3 - 15*r**2 - 15*r - 6. Let b be g(n). Suppose -3*o = o - 32. What is the greatest common divisor of o and b?
8
Let b be (595 - 579) + 1*12347. What is the greatest common divisor of b and 39?
39
Let n(x) = 12*x - 9. Let f(y) = -15*y + 9. Let h(t) = -3*f(t) - 4*n(t). Let i be h(-19). Calculate the highest common factor of i and 6.
6
Suppose 0 = -5*c + 5*g + 1730, 54*g + 1378 = 4*c + 53*g. Suppose -89 = -5*w + 126. Calculate the greatest common factor of w and c.
43
Let b = -45091 - -80323. Calculate the highest common factor of 96 and b.
96
Let d be 1 + 2 + (-3 - 0). Suppose d = 5*j - 304 + 54. Calculate the greatest common factor of j and 20.
10
Let c be -9*(-12)/(-24)*(-26)/3. Calculate the greatest common divisor of c and 377.
13
Suppose -3*x + 1 = -4*p, -8*x + 13*p = 9*p - 56. What is the highest common divisor of 3674 and x?
11
Suppose 5754*p - 5765*p + 2574 = 0. Suppose -5*a = -54 + 9. What is the greatest common factor of a and p?
9
Let a be -9 + 82 + 16 + -17. What is the greatest common factor of a and 568?
8
Let n = -438 - -768. Suppose -n = 5*h - 830. Suppose 4*r - 71 = 29. Calculate the highest common factor of r and h.
25
Let a(z) = z**2 + 18*z + 18. Let m be a(-1). Let f be (m - (-143)/(-44))/(3/(-16)). What is the greatest common factor of f and 78?
6
Let w(f) = -18*f + 76. Let v be w(4). Let p be (-2640)/(-180)*6/v. Calculate the highest common divisor of 242 and p.
22
Let u(z) = -44*z + 354. Let f be u(8). Suppose -4*r + f*o + 752 = o, 0 = -5*r + 4*o + 929. Calculate the highest common factor of 441 and r.
63
Let k be 7/(-14) - (22/(-4))/1. Suppose k*q = 6*q - 64. Suppose 0 = -8*s + 4*s + 64. Calculate the greatest common factor of s and q.
16
Let r(f) = -f**3 - 2*f**2 + 6*f - 5. Suppose 28*p - 21*p + 28 = 0. Let s be r(p). Calculate the highest common divisor of s and 33.
3
Let h = 7 - 6. Let d(f) = -f**3 + 9. Let u(s) = 9*s. Let q be u(0). Let a be d(q). What is the highest common factor of h and a?
1
Let o = 210 - 51. Suppose -161*b = -155*b - 1272. What is the highest common divisor of b and o?
53
Let u(g) = -6*g**3 + 325*g**2 - 44*g - 468. Let m be u(54). What is the greatest common divisor of m and 444?
12
Let h = 11997 + -11742. What is the highest common divisor of 1241 and h?
17
Suppose -58658 = -3*g - 2*p, -44*g + 40*g + 78216 = 4*p. Calculate the highest common divisor of g and 17.
17
Let a be (-9)/(7 + 5/((-80)/124)). What is the highest common divisor of 28680 and a?
12
Let x = 85 - 61. Let l(d) = -d**3 + 39*d**2 + 275*d - 41. Let t be l(45). What is the highest common divisor of x and t?
8
Let n(x) = -2*x**3 + x**2 + 122*x + 40. Let d be n(0). Calculate the highest common factor of 610 and d.
10
Suppose -41*a - 31248 = -43*a. Calculate the greatest common factor of 124 and a.
124
Let q(f) = 3*f + 80. Suppose -4*t - 27 = 3*w, 9 = -0*w - w - 3*t. Let i be q(w). What is the greatest common divisor of i and 106?
53
Let x be (-4)/(-18) - 250/(-9). Suppose q = 3*v - 364, 319*q + 371 = 3*v + 317*q. What is the greatest common divisor of x and v?
7
Let f = 2186 - 114. What is the highest common divisor of 140 and f?
28
Suppose -324 = -21*a + 117. Calculate the highest common divisor of a and 357.
21
Suppose 23*w - 28*w - 6951 = -y, 2*w = 0. What is the greatest common divisor of y and 21?
21
Suppose -6210 = -6*n + 5718. Suppose 33*u + n - 14924 = 0. What is the greatest common factor of 49 and u?
49
Suppose -18*h + 357241 = 11*h + 20174. What is the greatest common divisor of h and 197?
197
Let u(x) = 6*x**2 + 18*x + 60. Let k be u(22). What is the greatest common divisor of 105 and k?
105
Let b = 17661 - 14242. What is the greatest common factor of b and 526?
263
Let z = -62 + 67. Suppose -v - 3*v = -16. Suppose -2*p = -v*p + 3*n + 16, -4*n - 6 = z*p. Calculate the greatest common divisor of 10 and p.
2
Let d = -5759 + 7934. Calculate the greatest common divisor of d and 300.
75
Let y be 2/(-6) + 2/6. Suppose y = 2*o + 3*o + 50. Let p = o + 18. Cal